 What is the hundreds digit of k?
1
Suppose 5*t = -h + 19 + 31, 40 = 4*t + 5*h. Suppose -4*u + 7*u - t = -2*r, 18 = 5*u + 4*r. Let y(o) = 32*o**2. What is the hundreds digit of y(u)?
1
Let h(b) = b**2 + 5*b - 23. Let k be h(3). What is the tens digit of (((-12)/(-9))/4)/(k/564)?
8
Let w(g) = -6*g**3 + 3*g + 5. Let j(f) = -1 - 5*f**3 + 7 + 0*f**3 - 2*f**3 + 3*f. Let l(n) = -3*j(n) + 4*w(n). What is the tens digit of l(-2)?
2
Let g(k) = -k**3 + 13*k**2 - 20*k - 3. Let c be (41 + -41)/(-2 + (1 - 0)). Suppose c = -6*m - m + 77. What is the tens digit of g(m)?
1
Let n(z) = z**3 + 13*z**2 + 39*z + 4. Let s be n(-5). Suppose 5*a = 3*c + a - 2739, 3*a + s = 0. What is the units digit of c?
9
Suppose 84*l - 64*l = 23660 + 71780. What is the units digit of l?
2
Suppose 11*t + 245678 = 600076. What is the units digit of t?
8
Let v be 3 + (-2)/(4 + -2). Suppose -5*p = -5*d - 1045, 403 = v*p - 0*p - 5*d. Let y = -117 + p. What is the units digit of y?
7
Let p(b) be the second derivative of b**3/2 - b**2 - 9*b. Let x be p(2). Suppose -x*y = -266 - 2. What is the tens digit of y?
6
Suppose -453 = -h + 843. Suppose -5*n - 7*k = -12*k - 2190, 3*k - h = -3*n. What is the units digit of n?
5
Suppose 0 = -79*l + 71*l + 3392. Suppose 2*h - l = 2*i, -5*i = 5*h - 254 - 826. What is the tens digit of h?
1
Let x(j) = j**3 - 24*j**2 - 3*j + 20. Let t be x(6). Let l = t - -980. What is the hundreds digit of l?
3
Let z be 153/6*(-8)/(-6). Let g = z + -34. Suppose -3*f + u = 2*f - 149, g = -f - 4*u + 34. What is the units digit of f?
0
Let v be 169 + -1 - 9/(9/2). Suppose 4*z = -3*l + 2446, l - 4*z = 960 - v. What is the tens digit of l?
1
Suppose -6*l = -74 - 502. Suppose -4*x + 2*h - l + 796 = 0, 3*x - 543 = -3*h. What is the units digit of x?
7
Suppose -3*f + 4*s + 16147 = 0, -3*f - 2*s = -13998 - 2161. What is the tens digit of f?
8
Let d(u) = -1999*u + 22. What is the units digit of d(-3)?
9
Suppose 5*j + r - 12407 - 33985 = 0, -4*j + 37120 = 4*r. What is the hundreds digit of j?
2
Suppose 39*v + 18 = 42*v + 4*w, -1 = -5*v + 3*w. Suppose 4*j = -n + 402, 3*n + n = -v*j + 1636. What is the units digit of n?
0
Let h = -30 + 38. Let v be h - ((-24)/2)/(-4). Suppose 110 + 240 = v*a. What is the units digit of a?
0
Suppose -l = -109*s + 110*s - 28193, s + 2*l - 28194 = 0. What is the units digit of s?
2
Let o(k) = -k**2 - 17*k + 302. Let d be o(23). Let m = 237 - d. What is the hundreds digit of m?
8
Suppose -99*k + 537183 = -48*k. What is the units digit of k?
3
Let f = 193 - 191. Suppose -3*n = -13*y + 8*y - 2402, -y = -f*n + 1599. What is the hundreds digit of n?
7
Let a(i) = -i**3 + 63*i**2 + 17*i + 216. What is the tens digit of a(63)?
8
Let f = -189 + 192. Suppose u = -f*d + 1316 + 384, 2832 = 5*d + 2*u. What is the units digit of d?
8
Let d(p) = -52*p + 1. Suppose -1 + 9 = 2*k. Let u be d(k). Let c = -140 - u. What is the units digit of c?
7
Let m(a) = -4*a**2 - 3*a - 6. Let z be m(-2). What is the units digit of ((-2)/(-3))/(z/(-2592))?
8
Suppose -1034*t + 737706 = -923*t. What is the tens digit of t?
4
Let n(x) = 14*x**3 + x**2. Let u be n(1). Let j be ((-5000)/u)/10*24/10. What is the tens digit of (-3 - (-21)/(-28))/(3/j)?
0
Let x(p) = -114*p - 6. Suppose 4*f - 6 = 3*v + 4, -26 = 3*v + 4*f. Let t be ((-32)/v)/4*9/(-6). What is the hundreds digit of x(t)?
2
Suppose 2*j = 12168 + 11718. Suppose j = 5*q + 3998. What is the hundreds digit of q?
5
Let k = 97 + -95. Suppose -n - 5*q = -35, 9 = k*q - 5*q. Suppose 0 = -2*u + 5*j + n, -4*j - 12 - 4 = 0. What is the tens digit of u?
1
Suppose 28*y + 35*y + 1876 = 77*y. What is the tens digit of y?
3
Let r(y) = -16*y**2 - 1491*y + 72. What is the thousands digit of r(-69)?
6
Let x = 55 + -70. Let n be (-20)/x + (-1)/3 + 2. Suppose -n*q = q - 220. What is the units digit of q?
5
Let m = -3736 + 8304. Suppose -3*d + m = 5*g, -d - 4572 = -5*g - 3*d. What is the units digit of g?
6
Let o(i) = i**3 - 130*i**2 + 287*i - 466. What is the thousands digit of o(128)?
3
Suppose -46*g = 5*g - 775455. What is the hundreds digit of g?
2
Suppose 5*c - 13022 = -y + 7495, -3*c - 61677 = -3*y. What is the thousands digit of y?
0
Let a = -4256 + 5666. What is the thousands digit of a?
1
Let j = 52962 - 32631. What is the ten thousands digit of j?
2
Let u be ((-10)/(-3))/((-3)/(-18)). Suppose 2*a - 45 = -3*c, -3*a + u + 19 = -5*c. What is the hundreds digit of (a/(-12) + 4)*94?
2
Suppose 0 = -3*i - 6, -4*i - 5 = -t + 2*t. Suppose -t*l + 0 = -12. Suppose -125 = -l*m + 291. What is the units digit of m?
4
Let t(k) = -12*k - 276. Let v be t(-24). Suppose -v*o - 24940 = -32*o. What is the units digit of o?
7
Let c be 132/48 - 2/(-8). Suppose c = -g + 5. Suppose 8*z = 6*z + g. What is the units digit of z?
1
Suppose p + 8 = 5*p + 4*i, 4 = 2*p + i. Suppose p*a = -2*b + 216, 0 = -3*a - 2*b + 113 + 210. What is the units digit of a?
7
Let f(r) = 234*r - 1588. What is the units digit of f(99)?
8
Let w(p) = -p**3 - 4*p**2 - 3*p - 3. Let k(v) = -4*v + 26. Let s be k(7). Let z be w(s). What is the tens digit of (-28)/(-70) + (-543)/z?
0
Let v = -120 + 368. Let x be v/2 - (9 - 9). Suppose 16*q = 4820 + x. What is the tens digit of q?
0
Suppose 1 = 6*i - 7*i. Let x be (-12)/16*(-72)/i. Let o = x - -147. What is the tens digit of o?
9
Let b(g) = g**3 - 3*g**2 + 6*g - 5. Let k be b(2). Suppose 3*n = 2*o - 1026, 2052 = 4*o + n - k*n. What is the hundreds digit of o?
5
Suppose -3*z + 2*j = -1916, 2*z - 1132 = -2*j + 132. Let n = z - -793. What is the tens digit of n?
2
Suppose 17*s = 12*s - z + 17709, -5*s + 17697 = -2*z. Suppose -s = -11*j - 1165. What is the hundreds digit of j?
2
Let p(a) = 11*a**2 - 695*a - 176. What is the thousands digit of p(72)?
6
Let c(a) = -8*a - 10. Let x be 0*(-2)/(-8)*2. Suppose 3*j + 51 = -0*z - 3*z, 2*j + 5*z + 28 = x. What is the hundreds digit of c(j)?
1
Suppose -2*g = 3*p - 37887, g - 25*p + 22*p - 18966 = 0. What is the ten thousands digit of g?
1
Suppose 16*b = 8*b. Let h be b/(2/4*4 + 0). Suppose u - 831 = -5*m, 0 = -h*u - 2*u + 2. What is the tens digit of m?
6
Let f = 18 - -15. Suppose -f = 5*v - 103. Suppose 0 = 10*s - v*s + 240. What is the units digit of s?
0
Suppose -2927 - 1153 = 6*n. Let t = n + 959. What is the tens digit of t?
7
Let h(v) = -v - 15. Let u be h(-23). Let n(w) = 34*w + 40. What is the tens digit of n(u)?
1
Let v(j) = -166*j**3 + 12*j**2 + 6*j - 17. Let i be v(7). What is the tens digit of i/(-60) - (-3)/(-4)?
3
Suppose 12 + 40 = 13*p. Suppose 72 = p*u - 32. What is the units digit of u?
6
Let z be -2 + 1 + 3 - 1. Let b(q) = 2*q**3 + 3*q**2 + 2*q - 4. Let t be b(-2). What is the units digit of (-78)/((8/t)/z)?
7
What is the hundreds digit of 14*3/(-6) - -7054?
0
Let i(o) = o - 11. Let a be i(13). Suppose 3*s + 0*r = r - 7, -s - a*r = 7. What is the tens digit of s/(-3)*(-3 - 46)*-2?
9
Let s = -22185 + 41633. What is the tens digit of s?
4
Let q = -12933 + 24915. What is the hundreds digit of q?
9
Let c(m) be the third derivative of -3*m**6/40 - m**5/60 - m**4/12 - m**3/6 + 41*m**2. Let d be c(-1). Suppose -d*p = -2*p - 1428. What is the units digit of p?
4
Suppose -1725 = -k + 4*n, -6 = 4*n - 2. Suppose 41*t - k = -3*m + 39*t, -4*m + 2313 = -t. What is the hundreds digit of m?
5
What is the units digit of 317*28*((-6)/12)/(-1) - 5?
3
Suppose 0 = -5*p + 3*u - 227, 3*p - 18*u + 15*u = -135. Let o = 469 + p. What is the units digit of o?
3
Suppose 0*o = 2*o - 20. Let d be (-1)/((-15)/o)*(-99)/(-2). Suppose 31*q + 74 = d*q. What is the units digit of q?
7
Let i(z) = -481*z - 701. What is the units digit of i(-10)?
9
Let w be (-8)/(-24) - 195/(-9). Suppose -w*y = -6513 - 1517. What is the units digit of y?
5
Let y(c) = 6960*c**2 + 29*c + 5. What is the tens digit of y(-1)?
3
Suppose y = -99 + 319. Let n = 638 - y. What is the units digit of n?
8
Let p(h) be the third derivative of -31*h**4/4 - 28*h**3/3 + 55*h**2. What is the units digit of p(-2)?
6
Let l(z) be the third derivative of z**6/120 + z**5/12 - 7*z**4/24 - z**3/6 + 9*z**2. Let p be l(-6). Suppose p*v = 116 + 359. What is the tens digit of v?
9
Suppose 5*g - 4620 = 3*x, -2*g - 808 = -2*x - 2652. What is the hundreds digit of g?
9
Let k(t) = -211*t + 36 + 69*t + 67*t + 72*t. What is the tens digit of k(6)?
1
Let q be (12/7)/((-34)/(-119)). S